52?
15450
In base 9, what is 6 - 333178?
-333172
In base 3, what is 21221 + -1000000001?
-222201010
In base 14, what is 4 + 96d410?
96d414
In base 12, what is -29a7 + 8272?
5487
In base 16, what is -2940a - -cb?
-2933f
In base 10, what is -6817177 + 0?
-6817177
In base 2, what is -10 - -111010110100010001000?
111010110100010000110
In base 12, what is 2a944808 + -2?
2a944806
In base 15, what is 6b8 + -7b0c?
-7444
In base 5, what is -41143 - -32314?
-3324
In base 15, what is -10 - -256a7b3?
256a7a3
In base 16, what is 1704f3 - f?
1704e4
In base 14, what is -7bbd + -261?
-8040
In base 7, what is -44202 + -25663?
-103165
In base 9, what is 216213606 - 1?
216213605
In base 13, what is -5 - -1b050?
1b048
In base 7, what is 3 + 33566056?
33566062
In base 10, what is 5 - 142294601?
-142294596
In base 15, what is -15e2da7 - a?
-15e2db2
In base 4, what is -10132002212 - -3003?
-10131333203
In base 13, what is 6299a3 + 5?
6299a8
In base 4, what is -1223322200131 + -11?
-1223322200202
In base 16, what is -182 - 1f4a?
-20cc
In base 3, what is 122 - 1102002020000?
-1102002012101
In base 4, what is -11030232222311 + -1?
-11030232222312
In base 12, what is 273b48b - 5?
273b486
In base 7, what is -253341 + 245?
-253063
In base 5, what is -2111043030 + -31?
-2111043111
In base 7, what is 2565 + -5556?
-2661
In base 3, what is 10 + 111000122002201?
111000122002211
In base 3, what is -1110012 + 1211020121101?
1211012011012
In base 5, what is 1 - -10113141021?
10113141022
In base 11, what is -688 + -16069?
-16746
In base 8, what is 4 + 32331413?
32331417
In base 16, what is 5b9 + 46dc2?
4737b
In base 6, what is -15401 - -121122?
101321
In base 12, what is 5 - 1053867?
-1053862
In base 5, what is 331 - -21143434?
21144320
In base 6, what is -15005540400 - 4?
-15005540404
In base 13, what is 8 - -2a3c219?
2a3c224
In base 16, what is -6 - -130d6b?
130d65
In base 15, what is -4 + -1479d3?
-1479d7
In base 11, what is -539405 - -5?
-539400
In base 11, what is 1 - 53162061?
-53162060
In base 9, what is -161 + -1178674?
-1178845
In base 13, what is 3686bc8 - -7?
3686c02
In base 7, what is -311241445 - 3?
-311241451
In base 10, what is 2 + 756703?
756705
In base 2, what is -101 - -11101111100011100010111101?
11101111100011100010111000
In base 6, what is 555155 + 212?
555411
In base 5, what is -20223 + 24343323?
24323100
In base 11, what is -11aa5 + -20?
-12015
In base 4, what is -31311022010 - 21?
-31311022031
In base 6, what is 2440523 - -1403?
2442330
In base 13, what is 6c6a86b - 0?
6c6a86b
In base 8, what is -6 - 271626022?
-271626030
In base 7, what is 2 - 64256056?
-64256054
In base 3, what is 2 - 21020211110002011?
-21020211110002002
In base 9, what is -11 + 42272422?
42272411
In base 11, what is -12 - 16a23a?
-16a251
In base 2, what is -110 + 1110000110010100100111?
1110000110010100100001
In base 15, what is 2cab3 + -235?
2c87d
In base 11, what is 9a2195 + 3?
9a2198
In base 12, what is 96 + 3a755?
3a82b
In base 15, what is 227 - -b3db?
b613
In base 12, what is -2 - 4ba59a3?
-4ba59a5
In base 4, what is -3221111101 - 1322?
-3221113023
In base 14, what is -26b476 + -b6?
-26b54c
In base 13, what is -28 + -9348c?
-934b7
In base 2, what is 1 + -1100100010110000101000?
-1100100010110000100111
In base 11, what is 1 - -95a6179?
95a617a
In base 16, what is -446d81 - 67?
-446de8
In base 6, what is -100432045 - 4?
-100432053
In base 16, what is 27702 - -5?
27707
In base 7, what is -1 - -2460263?
2460262
In base 5, what is -223130 - 23040?
-301220
In base 15, what is -2 - -1526a6ca?
1526a6c8
In base 11, what is 158 - -141521?
141679
In base 3, what is 10000 - 20110010011?
-20110000011
In base 5, what is -30114 - 44423231?
-100003400
In base 6, what is -20503 - 3241?
-24144
In base 12, what is 1602061b1 + 0?
1602061b1
In base 16, what is -3e6 - 34448?
-3482e
In base 4, what is -33 - 2312312030?
-2312312123
In base 12, what is -28a0 - -160?
-2740
In base 6, what is -2534102 + -315?
-2534421
In base 8, what is 1242 + 121135?
122377
In base 4, what is 1100113210203 + -11?
1100113210132
In base 12, what is 1949403 + -2?
1949401
In base 12, what is 4 + -91220?
-91218
In base 7, what is 5066261152 - 3?
5066261146
In base 7, what is -112332161 - 21?
-112332212
In base 4, what is 113200 - 2333303?
-2220103
In base 6, what is -3354100 - 155?
-3354255
In base 5, what is -41302032 + 40?
-41301442
In base 10, what is -103 + 57646?
57543
In base 4, what is 1310011302100 - -3?
1310011302103
In base 13, what is -21 + -981848?
-981869
In base 14, what is -4 - 4da87b?
-4da881
In base 14, what is 17b4 - 60d?
11a5
In base 10, what is 356 - 13553?
-13197
In base 9, what is 67 + -417812?
-417734
In base 14, what is 4b07c36 - 1d?
4b07c17
In base 2, what is 101110010100 - -1111011001100110?
10000000111111010
In base 4, what is 213 - -103112302033?
103112302312
In base 11, what is 2 - 96aa417?
-96aa415
In base 15, what is -10e - 9ad5?
-9be4
In base 16, what is -2 + 10d5c6b?
10d5c69
In base 12, what is -1967828 - 1?
-1967829
In base 11, what is -40 + 230a54?
230a14
In base 10, what is -4125481 + -3?
-4125484
In base 5, what is -42231 - 33202?
-130433
In base 15, what is 0 + -11dcde6?
-11dcde6
In base 4, what is -3 - 1121203032002?
-1121203032011
In base 3, what is 0 + 12222012200210?
12222012200210
In base 3, what is 101021020 - -2002120?
110100210
In base 8, what is -36050 - 5030?
-43100
In base 2, what is 10001000110010110110000 + -111?
10001000110010110101001
In base 2, what is 100110000100110001 + -1111001101?
100101110101100100
In base 10, what is -34783 + 163?
-34620
In base 13, what is 11ac + 447a?
5659
In base 8, what is 23010 - 112?
22676
In base 14, what is 1dd + d978?
db77
In base 7, what is -11614546 + 124?
-11614422
In base 7, what is -55066 - -30551?
-24215
In base 4, what is -31332201220 + -10?
-31332201230
In base 8, what is -450317 - 3145?
-453464
In base 5, what is 12331 - 23130?
-10244
In base 10, what is -33 - -10544383?
10544350
In base 11, what is -717 + -76610?
-77227
In base 13, what is 3270373 + 0?
3270373
In base 7, what is -523 + 10052562?
10052036
In base 12, what is 43213a - 7?
432133
In base 10, what is -2 - 30436664?
-30436666
In base 13, what is -3 + -109a65a?
-109a660
In base 10, what is -380074 + -303?
-380377
In base 9, what is -280 - 75752?
-76142
In base 9, what is -42 + 23835166?
23835124
In base 2, what is -1101 - -100100101000110001000?
100100101000101111011
In base 4, what is -2 - -233230203302?
233230203300
In base 8, what is 2037614445 + -1?
2037614444
In base 2, what is 1101011 + 11100110101110111000?
11100110110000100011
In base 8, what is 333 - 11373520?
-11373165
In base 4, what is 21202303 + 13333?
21222302
In base 12, what is 5 - a952501?
-a9524b8
In base 6, what is 30 - -31415534?
31420004
In base 16, what is -36088c5 - 3?
-36088c8
In base 16, what is 163354 + -1?
163353
In base 16, what is -11fe7 - 782?
-12769
In base 11, what is -106 - -4aa49?
4a943
In base 16, what is -7f4a + -1f9b?
-9ee5
In base 15, what is -71aa5a - 4?
-71aa5e
In base 16, what is 40cb38 - 0?
40cb38
In base 3, what is -200211 + -1022000211002?
-1022001111220
In base 8, what is -5 + 533500171?
533500164
In base 7, what is -4546 + 40151?
32302
In base 8, what is 350006 + -4407?
343377
In base 7, what is -103131 - 12164?
-115325
In base 7, what is -206345 + -43?
-206421
In base 3, what is -222210122 + 21020002?
-201120120
In base 7, what is 243560 - -12?
243602
In base 14, what is a687a - -40?
a68ba
In base 15, what is e8b85e - -1?
e8b860
In base 4, what is -3110 + 32200000?
32130230
In base 16, what is 1 + -7e080a1?
-7e080a0
In base 12, what is -79197b4 - -2?
-79197b2
In base 16, what is f723d09 + 1?
f723d0a
In base 2, what is -101 - -11011001011100000001111?
11011001011100000001010
In base 10, what is 23 + 473503?
473526
In base 6, what is -3 - 33410435?
-33410442
In base 14, what is 6 + -139a?
-1394
In base 13, what is 2 + -4409ca8?
-4409ca6
In base 10, what is 285510 + 3766?
289276
In base 7, what is -153306 + 2065?
-151211
In base 5, what is 4201313 - -2442?
4204310
In base 9, what is 280626 + 1125?
281752
In base 14, what is -aaa0a - -26?
-aa9c4
In base 12, what is -14 + 1201668?
1201654
In base 13, what is 4097a20 - -4?
4097a24
In base 6, what is 0 + 451152205?
451152205
In 